[INFO] cloning repository https://github.com/TileHalo/Kisalaskuri
[INFO] running `Command { std: "git" "-c" "credential.helper=" "-c" "credential.helper=/workspace/cargo-home/bin/git-credential-null" "clone" "--bare" "https://github.com/TileHalo/Kisalaskuri" "/workspace/cache/git-repos/https%3A%2F%2Fgithub.com%2FTileHalo%2FKisalaskuri", kill_on_drop: false }`
[INFO] [stderr] Cloning into bare repository '/workspace/cache/git-repos/https%3A%2F%2Fgithub.com%2FTileHalo%2FKisalaskuri'...
[INFO] running `Command { std: "git" "rev-parse" "HEAD", kill_on_drop: false }`
[INFO] [stdout] dc8eada055232c9d79a405ca35b14456aa45669e
[INFO] checking TileHalo/Kisalaskuri against master#af3c6e733a40e671550e0f0f5aeecaa13772ba56 for pr-74989
[INFO] running `Command { std: "git" "clone" "/workspace/cache/git-repos/https%3A%2F%2Fgithub.com%2FTileHalo%2FKisalaskuri" "/workspace/builds/worker-5/source", kill_on_drop: false }`
[INFO] [stderr] Cloning into '/workspace/builds/worker-5/source'...
[INFO] [stderr] done.
[INFO] validating manifest of git repo https://github.com/TileHalo/Kisalaskuri on toolchain af3c6e733a40e671550e0f0f5aeecaa13772ba56
[INFO] running `Command { std: "/workspace/cargo-home/bin/cargo" "+af3c6e733a40e671550e0f0f5aeecaa13772ba56" "read-manifest" "--manifest-path" "Cargo.toml", kill_on_drop: false }`
[INFO] started tweaking git repo https://github.com/TileHalo/Kisalaskuri
[INFO] finished tweaking git repo https://github.com/TileHalo/Kisalaskuri
[INFO] tweaked toml for git repo https://github.com/TileHalo/Kisalaskuri written to /workspace/builds/worker-5/source/Cargo.toml
[INFO] crate git repo https://github.com/TileHalo/Kisalaskuri already has a lockfile, it will not be regenerated
[INFO] running `Command { std: "/workspace/cargo-home/bin/cargo" "+af3c6e733a40e671550e0f0f5aeecaa13772ba56" "fetch" "--locked" "--manifest-path" "Cargo.toml", kill_on_drop: false }`
[INFO] [stderr]     Blocking waiting for file lock on package cache
[INFO] [stderr]  Downloading crates ...
[INFO] [stderr]   Downloaded pest_derive v1.0.3
[INFO] [stderr]   Downloaded handlebars v0.30.1
[INFO] [stderr]   Downloaded criterion-stats v0.2.0
[INFO] [stderr]   Downloaded pest v1.0.3
[INFO] [stderr]   Downloaded pretty_assertions v0.5.0
[INFO] [stderr]   Downloaded criterion v0.2.0
[INFO] [stderr]   Downloaded criterion-plot v0.2.0
[INFO] running `Command { std: "docker" "create" "-v" "/var/lib/crater-agent-workspace/builds/worker-5/target:/opt/rustwide/target:rw,Z" "-v" "/var/lib/crater-agent-workspace/builds/worker-5/source:/opt/rustwide/workdir:ro,Z" "-v" "/var/lib/crater-agent-workspace/cargo-home:/opt/rustwide/cargo-home:ro,Z" "-v" "/var/lib/crater-agent-workspace/rustup-home:/opt/rustwide/rustup-home:ro,Z" "-e" "SOURCE_DIR=/opt/rustwide/workdir" "-e" "CARGO_TARGET_DIR=/opt/rustwide/target" "-e" "CARGO_HOME=/opt/rustwide/cargo-home" "-e" "RUSTUP_HOME=/opt/rustwide/rustup-home" "-w" "/opt/rustwide/workdir" "-m" "1610612736" "--user" "0:0" "--network" "none" "rustops/crates-build-env@sha256:d92eaeed33fa75130ca1ee6c8a01d1ffb62bac859dfdfb3450e3e5d1c0146529" "/opt/rustwide/cargo-home/bin/cargo" "+af3c6e733a40e671550e0f0f5aeecaa13772ba56" "metadata" "--no-deps" "--format-version=1", kill_on_drop: false }`
[INFO] [stderr] WARNING: Your kernel does not support swap limit capabilities or the cgroup is not mounted. Memory limited without swap.
[INFO] [stdout] b9b6264fff99e911228ec7b5dc8db619cf6a86402ca7663183ae36bf7c6a66d4
[INFO] running `Command { std: "docker" "start" "-a" "b9b6264fff99e911228ec7b5dc8db619cf6a86402ca7663183ae36bf7c6a66d4", kill_on_drop: false }`
[INFO] running `Command { std: "docker" "inspect" "b9b6264fff99e911228ec7b5dc8db619cf6a86402ca7663183ae36bf7c6a66d4", kill_on_drop: false }`
[INFO] running `Command { std: "docker" "rm" "-f" "b9b6264fff99e911228ec7b5dc8db619cf6a86402ca7663183ae36bf7c6a66d4", kill_on_drop: false }`
[INFO] [stdout] b9b6264fff99e911228ec7b5dc8db619cf6a86402ca7663183ae36bf7c6a66d4
[INFO] running `Command { std: "docker" "create" "-v" "/var/lib/crater-agent-workspace/builds/worker-5/target:/opt/rustwide/target:rw,Z" "-v" "/var/lib/crater-agent-workspace/builds/worker-5/source:/opt/rustwide/workdir:ro,Z" "-v" "/var/lib/crater-agent-workspace/cargo-home:/opt/rustwide/cargo-home:ro,Z" "-v" "/var/lib/crater-agent-workspace/rustup-home:/opt/rustwide/rustup-home:ro,Z" "-e" "SOURCE_DIR=/opt/rustwide/workdir" "-e" "CARGO_TARGET_DIR=/opt/rustwide/target" "-e" "CARGO_INCREMENTAL=0" "-e" "RUST_BACKTRACE=full" "-e" "RUSTFLAGS=--cap-lints=forbid" "-e" "CARGO_HOME=/opt/rustwide/cargo-home" "-e" "RUSTUP_HOME=/opt/rustwide/rustup-home" "-w" "/opt/rustwide/workdir" "-m" "1610612736" "--user" "0:0" "--network" "none" "rustops/crates-build-env@sha256:d92eaeed33fa75130ca1ee6c8a01d1ffb62bac859dfdfb3450e3e5d1c0146529" "/opt/rustwide/cargo-home/bin/cargo" "+af3c6e733a40e671550e0f0f5aeecaa13772ba56" "check" "--frozen" "--all" "--all-targets" "--message-format=json", kill_on_drop: false }`
[INFO] [stdout] 9ba934fdd4afb111d42ec563f0e71fa08be1703cc62281f5cfea12e760a09693
[INFO] [stderr] WARNING: Your kernel does not support swap limit capabilities or the cgroup is not mounted. Memory limited without swap.
[INFO] running `Command { std: "docker" "start" "-a" "9ba934fdd4afb111d42ec563f0e71fa08be1703cc62281f5cfea12e760a09693", kill_on_drop: false }`
[INFO] [stderr]    Compiling quote v0.3.15
[INFO] [stderr]     Checking cfg-if v0.1.2
[INFO] [stderr]     Checking lazy_static v1.0.0
[INFO] [stderr]     Checking unicode-width v0.1.4
[INFO] [stderr]    Compiling pest v1.0.3
[INFO] [stderr]     Checking either v1.4.0
[INFO] [stderr]     Checking rustc-demangle v0.1.6
[INFO] [stderr]     Checking cast v0.2.2
[INFO] [stderr]     Checking term v0.4.6
[INFO] [stderr]     Checking thread-scoped v1.0.2
[INFO] [stderr]     Checking vec_map v0.8.0
[INFO] [stderr]     Checking bitflags v1.0.1
[INFO] [stderr]     Checking difference v2.0.0
[INFO] [stderr]     Checking kilac v0.2.0 (/opt/rustwide/workdir)
[INFO] [stderr]     Checking rand v0.4.2
[INFO] [stderr]     Checking atty v0.2.6
[INFO] [stderr]     Checking isatty v0.1.6
[INFO] [stderr]    Compiling synom v0.11.3
[INFO] [stdout] warning: use of deprecated macro `try`: use the `?` operator instead
[INFO] [stdout]   --> src/calc/mod.rs:67:18
[INFO] [stdout]    |
[INFO] [stdout] 67 |     let parsed = try!(parse(lex(&s), c.clone()));
[INFO] [stdout]    |                  ^^^
[INFO] [stdout]    |
[INFO] [stdout]    = note: `#[warn(deprecated)]` on by default
[INFO] [stdout] 
[INFO] [stdout] 
[INFO] [stdout] warning: use of deprecated macro `try`: use the `?` operator instead
[INFO] [stdout]   --> src/calc/mod.rs:99:23
[INFO] [stdout]    |
[INFO] [stdout] 99 |                 match try!(eval(i.clone(), c.clone())) {
[INFO] [stdout]    |                       ^^^
[INFO] [stdout] 
[INFO] [stdout] 
[INFO] [stdout] warning: use of deprecated macro `try`: use the `?` operator instead
[INFO] [stdout]    --> src/calc/mod.rs:156:26
[INFO] [stdout]     |
[INFO] [stdout] 156 |             ast_to_value(try!(c.get(s)))
[INFO] [stdout]     |                          ^^^
[INFO] [stdout] 
[INFO] [stdout] 
[INFO] [stderr]     Checking log v0.4.1
[INFO] [stderr]     Checking textwrap v0.9.0
[INFO] [stderr]     Checking itertools v0.7.6
[INFO] [stderr]     Checking serde_json v1.0.9
[INFO] [stderr]     Checking itertools-num v0.1.1
[INFO] [stderr]     Checking thread_local v0.3.5
[INFO] [stderr]     Checking pretty_assertions v0.5.0
[INFO] [stderr]     Checking backtrace v0.3.5
[INFO] [stderr]     Checking clap v2.30.0
[INFO] [stderr]     Checking log v0.3.9
[INFO] [stderr]    Compiling syn v0.11.11
[INFO] [stdout] warning: 3 warnings emitted
[INFO] [stdout] 
[INFO] [stdout] 
[INFO] [stderr]     Checking regex v0.2.6
[INFO] [stderr]     Checking simplelog v0.4.4
[INFO] [stderr]     Checking rand v0.3.22
[INFO] [stderr]     Checking criterion-stats v0.2.0
[INFO] [stderr]     Checking criterion-plot v0.2.0
[INFO] [stderr]    Compiling synstructure v0.6.1
[INFO] [stderr]    Compiling serde_derive_internals v0.19.0
[INFO] [stderr]    Compiling pest_derive v1.0.3
[INFO] [stderr]    Compiling failure_derive v0.1.1
[INFO] [stderr]    Compiling serde_derive v1.0.27
[INFO] [stderr]     Checking failure v0.1.1
[INFO] [stderr]     Checking handlebars v0.30.1
[INFO] [stderr]     Checking criterion v0.2.0
[INFO] [stdout] warning: use of deprecated macro `try`: use the `?` operator instead
[INFO] [stdout]   --> src/calc/mod.rs:67:18
[INFO] [stdout]    |
[INFO] [stdout] 67 |     let parsed = try!(parse(lex(&s), c.clone()));
[INFO] [stdout]    |                  ^^^
[INFO] [stdout]    |
[INFO] [stdout]    = note: `#[warn(deprecated)]` on by default
[INFO] [stdout] 
[INFO] [stdout] 
[INFO] [stdout] warning: use of deprecated macro `try`: use the `?` operator instead
[INFO] [stdout]   --> src/calc/mod.rs:99:23
[INFO] [stdout]    |
[INFO] [stdout] 99 |                 match try!(eval(i.clone(), c.clone())) {
[INFO] [stdout]    |                       ^^^
[INFO] [stdout] 
[INFO] [stdout] 
[INFO] [stdout] warning: use of deprecated macro `try`: use the `?` operator instead
[INFO] [stdout]    --> src/calc/mod.rs:156:26
[INFO] [stdout]     |
[INFO] [stdout] 156 |             ast_to_value(try!(c.get(s)))
[INFO] [stdout]     |                          ^^^
[INFO] [stdout] 
[INFO] [stdout] 
[INFO] [stdout] error[E0061]: this function takes 2 arguments but 1 argument was supplied
[INFO] [stdout]   --> benches/kilac.rs:17:47
[INFO] [stdout]    |
[INFO] [stdout] 17 |     c.bench_function("ast min", |b| b.iter(|| parse(lex("min(5, 2)".into()))));
[INFO] [stdout]    |                                               ^^^^^ ----------------------- supplied 1 argument
[INFO] [stdout]    |                                               |
[INFO] [stdout]    |                                               expected 2 arguments
[INFO] [stdout] 
[INFO] [stdout] 
[INFO] [stdout] error[E0061]: this function takes 2 arguments but 1 argument was supplied
[INFO] [stdout]   --> benches/kilac.rs:18:50
[INFO] [stdout]    |
[INFO] [stdout] 18 |     c.bench_function("ast minmax", |b| b.iter(|| parse(lex("min(5, max(2, -2))".into()))));
[INFO] [stdout]    |                                                  ^^^^^ -------------------------------- supplied 1 argument
[INFO] [stdout]    |                                                  |
[INFO] [stdout]    |                                                  expected 2 arguments
[INFO] [stdout] 
[INFO] [stdout] 
[INFO] [stdout] error[E0061]: this function takes 2 arguments but 1 argument was supplied
[INFO] [stdout]   --> benches/kilac.rs:26:54
[INFO] [stdout]    |
[INFO] [stdout] 26 |     c.bench_function("calc empty min", |b| b.iter(|| eval(parse_fn(lex("min(5, 2)".into()), empty, EmptyCtx).ok().unwrap())));
[INFO] [stdout]    |                                                      ^^^^ ---------------------------------------------------------------- supplied 1 argument
[INFO] [stdout]    |                                                      |
[INFO] [stdout]    |                                                      expected 2 arguments
[INFO] [stdout] 
[INFO] [stdout] 
[INFO] [stdout] error[E0061]: this function takes 2 arguments but 1 argument was supplied
[INFO] [stdout]   --> benches/kilac.rs:27:57
[INFO] [stdout]    |
[INFO] [stdout] 27 |     c.bench_function("calc empty minmax", |b| b.iter(|| eval(parse_fn(lex("min(5, max(2, -2))".into()), empty, EmptyCtx).ok().unwrap())));
[INFO] [stdout]    |                                                         ^^^^ ------------------------------------------------------------------------- supplied 1 argument
[INFO] [stdout]    |                                                         |
[INFO] [stdout]    |                                                         expected 2 arguments
[INFO] [stdout] 
[INFO] [stdout] 
[INFO] [stderr] error: could not compile `kilac`.
[INFO] [stdout] error: aborting due to 4 previous errors
[INFO] [stdout] 
[INFO] [stdout] 
[INFO] [stderr] 
[INFO] [stdout] For more information about this error, try `rustc --explain E0061`.
[INFO] [stdout] 
[INFO] [stderr] To learn more, run the command again with --verbose.
[INFO] [stderr] warning: build failed, waiting for other jobs to finish...
[INFO] [stdout] warning: 3 warnings emitted
[INFO] [stdout] 
[INFO] [stdout] 
[INFO] [stderr] error: build failed
[INFO] running `Command { std: "docker" "inspect" "9ba934fdd4afb111d42ec563f0e71fa08be1703cc62281f5cfea12e760a09693", kill_on_drop: false }`
[INFO] running `Command { std: "docker" "rm" "-f" "9ba934fdd4afb111d42ec563f0e71fa08be1703cc62281f5cfea12e760a09693", kill_on_drop: false }`
[INFO] [stdout] 9ba934fdd4afb111d42ec563f0e71fa08be1703cc62281f5cfea12e760a09693
